{"id":27,"date":"2024-01-23T14:28:43","date_gmt":"2024-01-23T13:28:43","guid":{"rendered":"https:\/\/glliagricola.es\/?page_id=27"},"modified":"2024-05-28T19:29:02","modified_gmt":"2024-05-28T17:29:02","slug":"inicio","status":"publish","type":"page","link":"https:\/\/glliagricola.es\/","title":{"rendered":""},"content":{"rendered":"\n<figure class=\"wp-block-image size-large is-resized\"><img loading=\"lazy\" decoding=\"async\" width=\"1024\" height=\"576\" src=\"https:\/\/glliagricola.es\/wp-content\/uploads\/2024\/05\/MARCA-GLL_COLOR_PNG-1024x576.png\" alt=\"\" class=\"wp-image-117\" style=\"width:648px;height:auto\" srcset=\"https:\/\/glliagricola.es\/wp-content\/uploads\/2024\/05\/MARCA-GLL_COLOR_PNG-1024x576.png 1024w, https:\/\/glliagricola.es\/wp-content\/uploads\/2024\/05\/MARCA-GLL_COLOR_PNG-300x169.png 300w, https:\/\/glliagricola.es\/wp-content\/uploads\/2024\/05\/MARCA-GLL_COLOR_PNG-768x432.png 768w, https:\/\/glliagricola.es\/wp-content\/uploads\/2024\/05\/MARCA-GLL_COLOR_PNG-1536x864.png 1536w, https:\/\/glliagricola.es\/wp-content\/uploads\/2024\/05\/MARCA-GLL_COLOR_PNG-2048x1152.png 2048w\" sizes=\"auto, (max-width: 767px) 89vw, (max-width: 1000px) 54vw, (max-width: 1071px) 543px, 580px\" \/><\/figure>\n\n\n\n<p>VEINTE A\u00d1OS DE EXPERIENCIA OFRECIENDO SERVICIOS DE INGENIER\u00cdA AL SECTOR AGR\u00cdCOLA Y GANADERO.  LOS TRABAJOS SE FUNDAMENTAN EN LAS NECESIDADES DEL CLIENTE, BUSCANDO UN EQUILIBRIO ENTRE LA FUNCIONALIDAD Y LA ADAPTACI\u00d3N AL ENTORNO.<\/p>\n","protected":false},"excerpt":{"rendered":"<p>VEINTE A\u00d1OS DE EXPERIENCIA OFRECIENDO SERVICIOS DE INGENIER\u00cdA AL SECTOR AGR\u00cdCOLA Y GANADERO. LOS TRABAJOS SE FUNDAMENTAN EN LAS NECESIDADES DEL CLIENTE, BUSCANDO UN EQUILIBRIO ENTRE LA FUNCIONALIDAD Y LA ADAPTACI\u00d3N AL ENTORNO.<\/p>\n","protected":false},"author":1,"featured_media":0,"parent":0,"menu_order":0,"comment_status":"closed","ping_status":"closed","template":"","meta":{"footnotes":""},"class_list":["post-27","page","type-page","status-publish","hentry"],"_links":{"self":[{"href":"https:\/\/glliagricola.es\/index.php\/wp-json\/wp\/v2\/pages\/27","targetHints":{"allow":["GET"]}}],"collection":[{"href":"https:\/\/glliagricola.es\/index.php\/wp-json\/wp\/v2\/pages"}],"about":[{"href":"https:\/\/glliagricola.es\/index.php\/wp-json\/wp\/v2\/types\/page"}],"author":[{"embeddable":true,"href":"https:\/\/glliagricola.es\/index.php\/wp-json\/wp\/v2\/users\/1"}],"replies":[{"embeddable":true,"href":"https:\/\/glliagricola.es\/index.php\/wp-json\/wp\/v2\/comments?post=27"}],"version-history":[{"count":5,"href":"https:\/\/glliagricola.es\/index.php\/wp-json\/wp\/v2\/pages\/27\/revisions"}],"predecessor-version":[{"id":187,"href":"https:\/\/glliagricola.es\/index.php\/wp-json\/wp\/v2\/pages\/27\/revisions\/187"}],"wp:attachment":[{"href":"https:\/\/glliagricola.es\/index.php\/wp-json\/wp\/v2\/media?parent=27"}],"curies":[{"name":"wp","href":"https:\/\/api.w.org\/{rel}","templated":true}]}}